s digit of b?
9
Suppose -2*q - 29 = -59. What is the units digit of (-160)/120*2/((-4)/q)?
0
Let r(a) = -a**3 + 5*a**2 + 2*a - 6. Suppose -10 = -2*l, z = -0*z + 2*l - 5. Let q be r(z). Suppose q*u = 5*u - 57. What is the tens digit of u?
5
Let u(t) = -t**2 + 3*t - 1. Let n be u(3). Let y be (-7)/n - 0/5. Let h = y + 13. What is the tens digit of h?
2
Suppose -20335 = -5*k - 28*h + 24*h, 0 = h - 5. What is the tens digit of k?
6
Let g = 6 + -3. Suppose -5*x = -4*k - 31, g*x = -2*x - k + 11. Suppose 15 = 4*w - x*w. What is the units digit of w?
5
Suppose 12*h - 9*h = 9. Suppose 5*g - 728 = 4*q, 2*q = 4*g - h*g - 142. What is the tens digit of g?
4
Let w(t) = -311*t**3 + t**2 + 2*t + 2. What is the units digit of w(-1)?
2
What is the units digit of -30*(2 + 203/(-14))?
5
Let u(p) = 6*p**2 - 3*p + 10. Let w(r) = -r**2 - r. Let f(m) = u(m) + 5*w(m). Suppose 8 = 4*k, 4*k + 13 = 3*g - 0*g. What is the units digit of f(g)?
3
What is the units digit of ((-12)/7)/((-20)/280)?
4
What is the thousands digit of (9/(63/28) - -5032)/2?
2
Let f(v) = v + 46. What is the units digit of f(0)?
6
Let h(i) = -731*i**3 - 2*i**2 - 2*i. What is the tens digit of h(-1)?
3
Let k(a) = -14*a - 11. Let y be (7/3)/(11/(-33)). What is the units digit of k(y)?
7
Suppose -3*m = -3*t - 81, -3*t + 180 = 5*m + t. Let u = 81 - m. What is the tens digit of u?
4
Let t be (29 + -1)/(1/16). Suppose -5*d + 553 = -n, 7*d - 2*n = 11*d - t. What is the hundreds digit of d?
1
Suppose -x = 5*p - 6*p + 901, 4*x - 1820 = -2*p. What is the units digit of p?
4
Let l(t) = -t**3 + 7*t**2 - 6*t + 2. Let y be l(6). Suppose 4 - 8 = -y*u. Suppose -2*n + u*k + 38 = k, k = 4*n - 76. What is the tens digit of n?
1
Let s(j) = -10*j - 3. Let y be s(-5). Suppose 0 = -4*o - d + 165 + y, -5*o + 5*d = -240. What is the units digit of o?
2
Let l be (-332)/12 + (-4)/(-6). Let t(c) = -54*c**3 + 2*c**2 - 3*c + 1. Let k be t(1). Let x = l - k. What is the units digit of x?
7
Let k be ((-6)/8)/3 + 51/12. Suppose 0*d = -k*d + 480. What is the hundreds digit of d?
1
Let k(s) = 43*s + 126. What is the units digit of k(7)?
7
Let a = -40 - -28. Suppose b = -13 + 41. Let s = a + b. What is the tens digit of s?
1
Suppose y - 1836 = -2*s - y, 2*y + 2739 = 3*s. What is the hundreds digit of s?
9
Let v(o) = o**3 - 4*o**2 - 2*o + 2. Let n be v(4). Let b be (-1)/(-2) - 63/n. Suppose i + 2*l = b, -4*i = -i - 5*l. What is the units digit of i?
5
Let y = 3162 - 141. What is the tens digit of y?
2
Let a be 99718/(-657) - -1*2/(-9). Let f = 249 + a. What is the units digit of f?
7
Let u(w) = w**3 - 2*w + 2. Let i be u(1). Let l be i/(-7) + 200/(-70). What is the units digit of (l/(-6))/((-5)/(-10))?
1
What is the tens digit of (-18)/(-4)*(-328)/(-3)?
9
Let k = -14 + 12. What is the tens digit of k + (296/(-2))/(-4)?
3
What is the tens digit of 62008/69 - 5/3?
9
Let x(k) = -k**3 - 31*k**2 - 39*k + 57. What is the hundreds digit of x(-30)?
3
Let k = 569 + -226. Suppose -2*r + t + k = 0, -3*r + 0*t + 3*t = -516. What is the hundreds digit of r?
1
Let r be (-6)/(-14) - (-90)/35. Suppose 3*n = o - 40, -3*o - 12 = -n + r*n. Let l = 21 - n. What is the tens digit of l?
3
Suppose -378 = -7*q + 5*q. Suppose 0 = -0*f + 7*f - q. Suppose 2*n + 2*l = 16, 3*n - 4*l - 79 = -f. What is the units digit of n?
2
Let d(u) = u**3 + 13*u**2 + 11*u - 8. Let w be d(-12). Suppose 2*v - 24 = -w*v. Suppose v*g - 2*g = 56. What is the tens digit of g?
2
Suppose -8*w = -7*w + 133. Let d = 137 + w. What is the units digit of d?
4
Suppose -10*n = -152 - 338. Let b = 20 - -3. Let g = n - b. What is the units digit of g?
6
Let f be (6 + -3 - 5)/(-2). Let i be f - (2 + -1 + -5). Suppose -174 + 19 = -i*r. What is the units digit of r?
1
Suppose -4*f + v + 7166 - 675 = 0, -f + 1613 = 3*v. What is the hundreds digit of f?
6
Suppose 2331 = 5*d + 126. What is the hundreds digit of d?
4
Suppose -2*l = -4*d - 4, -4*d - 6 = -0*l - l. Let g = -2 - l. Suppose 4*r + g*r - 32 = 0. What is the units digit of r?
8
Let w be (-386)/(-10) - (-3)/(-5). Let v = 39 + w. Suppose -2*k + v = -63. What is the tens digit of k?
7
Let w(g) = g**3 - 8*g**2 - 21*g - 10. What is the thousands digit of w(15)?
1
Let z(q) = 3*q**2 - 17*q - 3. Let m be z(6). What is the tens digit of (1482/52)/(m/4)?
3
Let k(p) be the third derivative of p**7/420 - p**4/8 - 8*p**2. Let d(q) be the second derivative of k(q). What is the tens digit of d(2)?
2
Let j(g) = -3*g**2 - g + 11. Let o be j(7). Let v = 204 + o. Suppose 7*q - 2*q - 287 = 4*c, 0 = q - 2*c - v. What is the tens digit of q?
5
Suppose -2*s = -4*s + 2. Suppose -5*k - 5 = -q - s, 2*q - 5*k = 8. Suppose -4*h - 12 = -4*o + 4, 0 = 2*h + q*o - 22. What is the units digit of h?
1
Suppose -x - 3 = 12. What is the units digit of (-1*19)/(0 + 3/x)?
5
Let b = -20 + 7. Let m = -9 - b. Suppose -o - m = -5*p + 78, -3*p + 2*o = -45. What is the units digit of p?
7
Suppose 4*v = 3*o + 2157, -2*o + 977 + 645 = 3*v. What is the units digit of v?
0
Let b be (-5 - -5) + (-3 - -1). What is the hundreds digit of ((-4)/8)/(1/b) + 147?
1
Let t be 250/5 + (-4)/4. Let f = t + -9. What is the units digit of f - (2 - 0)*2?
6
Let q be 6/4*(-48)/(-36). Let t be 8/3*36/8. What is the units digit of (-6)/(q*t/(-208))?
2
Let t = 1393 + -734. What is the tens digit of t?
5
Let l be (15/(-10))/((-3)/34). Let r = 97 - l. What is the units digit of r?
0
Suppose 340 = y - 4*b + 43, 2*b = 2*y - 588. What is the hundreds digit of y?
2
Let o = -1682 + 2938. What is the units digit of o?
6
Suppose 3 = i, -2*d + 0 = -i - 1. Let r be (-2 - -3)*1 + 2. Suppose -4*l + 22 = 4*x - 50, d*l - 31 = r*x. What is the units digit of l?
7
Let z = 432 + -446. Suppose -85 = -2*y + b, 3*b + 23 = 2*y - 52. Let t = z + y. What is the tens digit of t?
3
Suppose 26*q + 1484 = 30*q. Suppose 0 = -7*z + 3*z - r + q, 0 = -3*z - r + 278. What is the units digit of z?
3
Suppose -5*f - 5*x = -35, 4*f - 6*x - 19 = -x. Suppose 0 = -3*i + f + 21. Suppose 5*c + 20 = i*c. What is the units digit of c?
5
Suppose -3*l = -5*c + 3*c - 6553, 4*l - 8734 = c. What is the tens digit of l?
8
Let v(k) = k**2 - 8*k - 14. Let d = 5 + 10. Let q = 26 - d. What is the tens digit of v(q)?
1
Let a(x) = 746*x**3 - x**2 + 2*x - 1. Let u be a(1). What is the tens digit of u/14 - 4/(-70)*-5?
5
Let g(f) = -f**2 - 16*f - 32. Let d be g(-13). Let c(z) = -z**3 + 9*z**2 - 2*z + 4. What is the tens digit of c(d)?
8
Let k(g) be the second derivative of 0 + 10*g - 11*g**2 + 4/3*g**3. What is the tens digit of k(7)?
3
Suppose 3*t + 26 = c, -2*c - c = -t - 6. Let m = t - -18. What is the units digit of m?
9
Let c(v) = -39*v**3 + v**2 - 1. Let f be c(-1). Let o be (72/(-56))/(2/(-42)). Suppose -4*r = -2*i - 3*r + f, -3*r = 2*i - o. What is the tens digit of i?
1
Let m = 20 + -1. Let p = m + -71. What is the tens digit of (-2899)/p + 6/(-8)?
5
Let w = -1937 + 4565. What is the tens digit of w?
2
Let x(n) = n**3 + 5*n**2 - 6*n + 3. Let f be x(-6). Suppose f*c + 5*u - 26 = -0*u, c = 2*u - 6. Suppose 0 = c*w - 4 - 50. What is the tens digit of w?
2
Let p(i) = i**3 - 9*i**2 - 48*i + 25. What is the units digit of p(14)?
3
Let c(x) = -3*x**3 - 8*x**2 - 70*x - 4. What is the units digit of c(-8)?
0
Suppose 1848*l = 1851*l - 2409. What is the tens digit of l?
0
Suppose 10*h - 4965 = 1155. What is the tens digit of h?
1
Suppose 10333 = 6*y + 805. What is the tens digit of y?
8
Let s = -24 + 12. Let r = -10 - s. Suppose r*h = -2*h + 60. What is the units digit of h?
5
Let f be (-14)/(-35) + -13*(-1)/5. What is the units digit of (-1)/f - 1554/(-18)?
6
Let o(a) = -a**3 + 6*a**2 - a - 4. Let d(y) = -y - 1. Let b be d(-2). Suppose s - 5*n = -b, s + 3*n + 9 = 4*s. What is the units digit of o(s)?
4
Let z = 11 - -29. Let i = 16 + z. What is the tens digit of i?
5
Suppose -4*m = -2*f + 92, -5*m + 129 = 3*f - 8*m. What is the tens digit of f?
4
Let z(p) = -p**3 - 7*p**2 + 4*p + 9. Let r be z(-8). Let j = r - 22. What is the units digit of j?
9
What is the units digit of (132481/34 - 14) + (-1)/2?
2
Let s(k) = k + 6. Let x be s(-10). Let m(l) = -70*l - 28. What is the tens digit of m(x)?
5
Let n = 23 - 21. Suppose -6*o = -5*o - n. Let c(q) = 4*q**3 - 4*q**2 + q + 4. What is the tens digit of c(o)?
2
Let w(k) = 473*k**3 + k**2 + k - 3. What is the hundreds digit of 